{"id":14,"date":"2019-07-23T18:22:26","date_gmt":"2019-07-23T18:22:26","guid":{"rendered":"https:\/\/centrecollisionileperrot.ca\/?page_id=14"},"modified":"2019-07-25T11:33:41","modified_gmt":"2019-07-25T15:33:41","slug":"about-us","status":"publish","type":"page","link":"https:\/\/centrecollisionileperrot.ca\/?page_id=14","title":{"rendered":"\u00c0 PROPOS"},"content":{"rendered":"<p>Au Centre de collision Ile-Perrot, nous faisons du client notre priorit\u00e9. Les membres de notre \u00e9quipe travaillent de concert pour offrir un service hors pair et un travail qui surpasse les standards. Plusieurs grandes compagnies d\u2019assurances reconnaissent la qualit\u00e9 de notre travail et nous choisissent comme r\u00e9f\u00e9rence dans la grande r\u00e9gion de Vaudreuil-Soulanges, Salaberry-de-Valleyfield \/ Beauharnois-Salaberry et l\u2019Ouest-de-l\u2019\u00cele de Montr\u00e9al.<\/p>\n<p>Vous pourrez compter sur notre service de remorquage 24 heures, notre navette et nos nombreux v\u00e9hicules de courtoisie pour ne jamais avoir \u00e0 perdre votre temps pr\u00e9cieux, et pour faciliter vos d\u00e9placements lors d\u2019une r\u00e9paration automobile.<\/p>\n<p>\u00c0 titre de membre du Groupe AutoForce, le Centre de collision partage la m\u00eame philosophie d\u2019entreprise que les autres membres du groupe\u00a0: placer la satisfaction des clients au centre de nos pr\u00e9occupations, et demeurer le leader r\u00e9gional dans notre domaine.<\/p>\n<p>R\u00e9unissant une \u00e9quipe de 12 employ\u00e9s de la r\u00e9gion, notre entreprise poursuit fi\u00e8rement sa croissance depuis 2008. Nous offrons un environnement de travail structur\u00e9 et professionnel, et sommes int\u00e9ress\u00e9s \u00e0 recevoir les candidatures spontan\u00e9es.<\/p>\n","protected":false},"excerpt":{"rendered":"<p>Au Centre de collision Ile-Perrot, nous faisons du client notre priorit\u00e9. Les membres de notre \u00e9quipe travaillent de concert pour offrir un service hors pair et un travail qui surpasse les standards. Plusieurs grandes compagnies d\u2019assurances reconnaissent la qualit\u00e9 de notre travail et nous choisissent comme r\u00e9f\u00e9rence dans la grande r\u00e9gion de Vaudreuil-Soulanges, Salaberry-de-Valleyfield \/ [&hellip;]<\/p>\n","protected":false},"author":1,"featured_media":0,"parent":0,"menu_order":0,"comment_status":"closed","ping_status":"closed","template":"","meta":{"_monsterinsights_skip_tracking":false,"_monsterinsights_sitenote_active":false,"_monsterinsights_sitenote_note":"","_monsterinsights_sitenote_category":0,"footnotes":""},"yoast_head":"<!-- This site is optimized with the Yoast SEO plugin v24.5 - https:\/\/yoast.com\/wordpress\/plugins\/seo\/ -->\n<title>\u00c0 PROPOS - Centre de Collision Ile Perrot<\/title>\n<meta name=\"robots\" content=\"index, follow, max-snippet:-1, max-image-preview:large, max-video-preview:-1\" \/>\n<link rel=\"canonical\" href=\"https:\/\/centrecollisionileperrot.ca\/?page_id=14\" \/>\n<meta property=\"og:locale\" content=\"fr_CA\" \/>\n<meta property=\"og:type\" content=\"article\" \/>\n<meta property=\"og:title\" content=\"\u00c0 PROPOS - Centre de Collision Ile Perrot\" \/>\n<meta property=\"og:description\" content=\"Au Centre de collision Ile-Perrot, nous faisons du client notre priorit\u00e9. Les membres de notre \u00e9quipe travaillent de concert pour offrir un service hors pair et un travail qui surpasse les standards. Plusieurs grandes compagnies d\u2019assurances reconnaissent la qualit\u00e9 de notre travail et nous choisissent comme r\u00e9f\u00e9rence dans la grande r\u00e9gion de Vaudreuil-Soulanges, Salaberry-de-Valleyfield \/ [&hellip;]\" \/>\n<meta property=\"og:url\" content=\"https:\/\/centrecollisionileperrot.ca\/?page_id=14\" \/>\n<meta property=\"og:site_name\" content=\"Centre de Collision Ile Perrot\" \/>\n<meta property=\"article:publisher\" content=\"https:\/\/www.facebook.com\/Centre-de-collision-de-L%c3%8ele-Perrot-Inc-510904922334243\/\" \/>\n<meta property=\"article:modified_time\" content=\"2019-07-25T15:33:41+00:00\" \/>\n<meta name=\"twitter:card\" content=\"summary_large_image\" \/>\n<meta name=\"twitter:label1\" content=\"Estimation du temps de lecture\" \/>\n\t<meta name=\"twitter:data1\" content=\"1 minute\" \/>\n<script type=\"application\/ld+json\" class=\"yoast-schema-graph\">{\"@context\":\"https:\/\/schema.org\",\"@graph\":[{\"@type\":\"WebPage\",\"@id\":\"https:\/\/centrecollisionileperrot.ca\/?page_id=14\",\"url\":\"https:\/\/centrecollisionileperrot.ca\/?page_id=14\",\"name\":\"\u00c0 PROPOS - Centre de Collision Ile Perrot\",\"isPartOf\":{\"@id\":\"https:\/\/centrecollisionileperrot.ca\/#website\"},\"datePublished\":\"2019-07-23T18:22:26+00:00\",\"dateModified\":\"2019-07-25T15:33:41+00:00\",\"breadcrumb\":{\"@id\":\"https:\/\/centrecollisionileperrot.ca\/?page_id=14#breadcrumb\"},\"inLanguage\":\"fr-CA\",\"potentialAction\":[{\"@type\":\"ReadAction\",\"target\":[\"https:\/\/centrecollisionileperrot.ca\/?page_id=14\"]}]},{\"@type\":\"BreadcrumbList\",\"@id\":\"https:\/\/centrecollisionileperrot.ca\/?page_id=14#breadcrumb\",\"itemListElement\":[{\"@type\":\"ListItem\",\"position\":1,\"name\":\"Home\",\"item\":\"https:\/\/centrecollisionileperrot.ca\/\"},{\"@type\":\"ListItem\",\"position\":2,\"name\":\"\u00c0 PROPOS\"}]},{\"@type\":\"WebSite\",\"@id\":\"https:\/\/centrecollisionileperrot.ca\/#website\",\"url\":\"https:\/\/centrecollisionileperrot.ca\/\",\"name\":\"Centre de Collision Ile Perrot\",\"description\":\"Membre du Groupe Autoforce\",\"publisher\":{\"@id\":\"https:\/\/centrecollisionileperrot.ca\/#organization\"},\"potentialAction\":[{\"@type\":\"SearchAction\",\"target\":{\"@type\":\"EntryPoint\",\"urlTemplate\":\"https:\/\/centrecollisionileperrot.ca\/?s={search_term_string}\"},\"query-input\":{\"@type\":\"PropertyValueSpecification\",\"valueRequired\":true,\"valueName\":\"search_term_string\"}}],\"inLanguage\":\"fr-CA\"},{\"@type\":\"Organization\",\"@id\":\"https:\/\/centrecollisionileperrot.ca\/#organization\",\"name\":\"Centre Collision Ile Perrot\",\"url\":\"https:\/\/centrecollisionileperrot.ca\/\",\"logo\":{\"@type\":\"ImageObject\",\"inLanguage\":\"fr-CA\",\"@id\":\"https:\/\/centrecollisionileperrot.ca\/#\/schema\/logo\/image\/\",\"url\":\"https:\/\/i0.wp.com\/centrecollisionileperrot.ca\/wp-content\/uploads\/2019\/07\/LOGO-COLLISION-AF-REV-square-icon.jpg?fit=517%2C517&ssl=1\",\"contentUrl\":\"https:\/\/i0.wp.com\/centrecollisionileperrot.ca\/wp-content\/uploads\/2019\/07\/LOGO-COLLISION-AF-REV-square-icon.jpg?fit=517%2C517&ssl=1\",\"width\":517,\"height\":517,\"caption\":\"Centre Collision Ile Perrot\"},\"image\":{\"@id\":\"https:\/\/centrecollisionileperrot.ca\/#\/schema\/logo\/image\/\"},\"sameAs\":[\"https:\/\/www.facebook.com\/Centre-de-collision-de-L\u00cele-Perrot-Inc-510904922334243\/\",\"https:\/\/www.instagram.com\/explore\/locations\/202788506768170\/centre-de-collision-ile-perrot-inc\"]}]}<\/script>\n<!-- \/ Yoast SEO plugin. -->","yoast_head_json":{"title":"\u00c0 PROPOS - Centre de Collision Ile Perrot","robots":{"index":"index","follow":"follow","max-snippet":"max-snippet:-1","max-image-preview":"max-image-preview:large","max-video-preview":"max-video-preview:-1"},"canonical":"https:\/\/centrecollisionileperrot.ca\/?page_id=14","og_locale":"fr_CA","og_type":"article","og_title":"\u00c0 PROPOS - Centre de Collision Ile Perrot","og_description":"Au Centre de collision Ile-Perrot, nous faisons du client notre priorit\u00e9. Les membres de notre \u00e9quipe travaillent de concert pour offrir un service hors pair et un travail qui surpasse les standards. Plusieurs grandes compagnies d\u2019assurances reconnaissent la qualit\u00e9 de notre travail et nous choisissent comme r\u00e9f\u00e9rence dans la grande r\u00e9gion de Vaudreuil-Soulanges, Salaberry-de-Valleyfield \/ [&hellip;]","og_url":"https:\/\/centrecollisionileperrot.ca\/?page_id=14","og_site_name":"Centre de Collision Ile Perrot","article_publisher":"https:\/\/www.facebook.com\/Centre-de-collision-de-L%c3%8ele-Perrot-Inc-510904922334243\/","article_modified_time":"2019-07-25T15:33:41+00:00","twitter_card":"summary_large_image","twitter_misc":{"Estimation du temps de lecture":"1 minute"},"schema":{"@context":"https:\/\/schema.org","@graph":[{"@type":"WebPage","@id":"https:\/\/centrecollisionileperrot.ca\/?page_id=14","url":"https:\/\/centrecollisionileperrot.ca\/?page_id=14","name":"\u00c0 PROPOS - Centre de Collision Ile Perrot","isPartOf":{"@id":"https:\/\/centrecollisionileperrot.ca\/#website"},"datePublished":"2019-07-23T18:22:26+00:00","dateModified":"2019-07-25T15:33:41+00:00","breadcrumb":{"@id":"https:\/\/centrecollisionileperrot.ca\/?page_id=14#breadcrumb"},"inLanguage":"fr-CA","potentialAction":[{"@type":"ReadAction","target":["https:\/\/centrecollisionileperrot.ca\/?page_id=14"]}]},{"@type":"BreadcrumbList","@id":"https:\/\/centrecollisionileperrot.ca\/?page_id=14#breadcrumb","itemListElement":[{"@type":"ListItem","position":1,"name":"Home","item":"https:\/\/centrecollisionileperrot.ca\/"},{"@type":"ListItem","position":2,"name":"\u00c0 PROPOS"}]},{"@type":"WebSite","@id":"https:\/\/centrecollisionileperrot.ca\/#website","url":"https:\/\/centrecollisionileperrot.ca\/","name":"Centre de Collision Ile Perrot","description":"Membre du Groupe Autoforce","publisher":{"@id":"https:\/\/centrecollisionileperrot.ca\/#organization"},"potentialAction":[{"@type":"SearchAction","target":{"@type":"EntryPoint","urlTemplate":"https:\/\/centrecollisionileperrot.ca\/?s={search_term_string}"},"query-input":{"@type":"PropertyValueSpecification","valueRequired":true,"valueName":"search_term_string"}}],"inLanguage":"fr-CA"},{"@type":"Organization","@id":"https:\/\/centrecollisionileperrot.ca\/#organization","name":"Centre Collision Ile Perrot","url":"https:\/\/centrecollisionileperrot.ca\/","logo":{"@type":"ImageObject","inLanguage":"fr-CA","@id":"https:\/\/centrecollisionileperrot.ca\/#\/schema\/logo\/image\/","url":"https:\/\/i0.wp.com\/centrecollisionileperrot.ca\/wp-content\/uploads\/2019\/07\/LOGO-COLLISION-AF-REV-square-icon.jpg?fit=517%2C517&ssl=1","contentUrl":"https:\/\/i0.wp.com\/centrecollisionileperrot.ca\/wp-content\/uploads\/2019\/07\/LOGO-COLLISION-AF-REV-square-icon.jpg?fit=517%2C517&ssl=1","width":517,"height":517,"caption":"Centre Collision Ile Perrot"},"image":{"@id":"https:\/\/centrecollisionileperrot.ca\/#\/schema\/logo\/image\/"},"sameAs":["https:\/\/www.facebook.com\/Centre-de-collision-de-L\u00cele-Perrot-Inc-510904922334243\/","https:\/\/www.instagram.com\/explore\/locations\/202788506768170\/centre-de-collision-ile-perrot-inc"]}]}},"jetpack_sharing_enabled":true,"_links":{"self":[{"href":"https:\/\/centrecollisionileperrot.ca\/index.php?rest_route=\/wp\/v2\/pages\/14"}],"collection":[{"href":"https:\/\/centrecollisionileperrot.ca\/index.php?rest_route=\/wp\/v2\/pages"}],"about":[{"href":"https:\/\/centrecollisionileperrot.ca\/index.php?rest_route=\/wp\/v2\/types\/page"}],"author":[{"embeddable":true,"href":"https:\/\/centrecollisionileperrot.ca\/index.php?rest_route=\/wp\/v2\/users\/1"}],"replies":[{"embeddable":true,"href":"https:\/\/centrecollisionileperrot.ca\/index.php?rest_route=%2Fwp%2Fv2%2Fcomments&post=14"}],"version-history":[{"count":3,"href":"https:\/\/centrecollisionileperrot.ca\/index.php?rest_route=\/wp\/v2\/pages\/14\/revisions"}],"predecessor-version":[{"id":186,"href":"https:\/\/centrecollisionileperrot.ca\/index.php?rest_route=\/wp\/v2\/pages\/14\/revisions\/186"}],"wp:attachment":[{"href":"https:\/\/centrecollisionileperrot.ca\/index.php?rest_route=%2Fwp%2Fv2%2Fmedia&parent=14"}],"curies":[{"name":"wp","href":"https:\/\/api.w.org\/{rel}","templated":true}]}}